en 55011 is divided by 127.
20
Calculate the remainder when 16874 is divided by 383.
22
Calculate the remainder when 19765 is divided by 2364.
853
What is the remainder when 4328 is divided by 1076?
24
Calculate the remainder when 136181 is divided by 556.
517
Calculate the remainder when 6672 is divided by 304.
288
Calculate the remainder when 16603 is divided by 27.
25
What is the remainder when 1724 is divided by 449?
377
Calculate the remainder when 53353 is divided by 17781.
10
Calculate the remainder when 17065 is divided by 3140.
1365
What is the remainder when 164029 is divided by 13?
8
What is the remainder when 1470 is divided by 1463?
7
Calculate the remainder when 5467937 is divided by 655.
652
Calculate the remainder when 153 is divided by 8.
1
What is the remainder when 302119 is divided by 20?
19
Calculate the remainder when 40019 is divided by 174.
173
What is the remainder when 648 is divided by 159?
12
What is the remainder when 73751 is divided by 5672?
15
What is the remainder when 36782 is divided by 278?
86
Calculate the remainder when 7415 is divided by 3312.
791
What is the remainder when 57533 is divided by 496?
493
What is the remainder when 161034 is divided by 330?
324
Calculate the remainder when 52645 is divided by 125.
20
What is the remainder when 29969 is divided by 422?
7
Calculate the remainder when 21647 is divided by 231.
164
Calculate the remainder when 8373 is divided by 2770.
63
Calculate the remainder when 7919 is divided by 14.
9
Calculate the remainder when 241568 is divided by 241530.
38
Calculate the remainder when 208079 is divided by 83.
81
What is the remainder when 29824 is divided by 181?
140
Calculate the remainder when 6867 is divided by 303.
201
What is the remainder when 1985 is divided by 104?
9
What is the remainder when 351 is divided by 152?
47
Calculate the remainder when 333376 is divided by 58.
50
What is the remainder when 6984 is divided by 1742?
16
What is the remainder when 1360908 is divided by 46?
44
What is the remainder when 27194 is divided by 3398?
10
Calculate the remainder when 30231 is divided by 36.
27
What is the remainder when 64587 is divided by 5?
2
Calculate the remainder when 44000 is divided by 478.
24
Calculate the remainder when 34764 is divided by 392.
268
What is the remainder when 38666 is divided by 3?
2
Calculate the remainder when 88521 is divided by 9.
6
Calculate the remainder when 48525 is divided by 309.
12
Calculate the remainder when 8081 is divided by 675.
656
Calculate the remainder when 7110364 is divided by 426.
424
Calculate the remainder when 1364 is divided by 531.
302
Calculate the remainder when 6550 is divided by 2156.
82
Calculate the remainder when 393 is divided by 96.
9
Calculate the remainder when 17388 is divided by 35.
28
Calculate the remainder when 36966 is divided by 127.
9
Calculate the remainder when 813 is divided by 721.
92
What is the remainder when 10338 is divided by 3331?
345
What is the remainder when 1932 is divided by 309?
78
Calculate the remainder when 1894005 is divided by 631329.
18
What is the remainder when 10918 is divided by 60?
58
Calculate the remainder when 6434 is divided by 2072.
218
What is the remainder when 1123 is divided by 370?
13
What is the remainder when 358868 is divided by 119598?
74
Calculate the remainder when 5632 is divided by 66.
22
What is the remainder when 315 is divided by 258?
57
What is the remainder when 2209 is divided by 104?
25
What is the remainder when 60644 is divided by 3566?
22
What is the remainder when 935 is divided by 60?
35
What is the remainder when 14945 is divided by 4980?
5
Calculate the remainder when 856 is divided by 21.
16
What is the remainder when 3987 is divided by 27?
18
What is the remainder when 33882 is divided by 753?
750
What is the remainder when 36859 is divided by 43?
8
Calculate the remainder when 63830 is divided by 21.
11
Calculate the remainder when 289883 is divided by 9351.
2
Calculate the remainder when 456 is divided by 343.
113
Calculate the remainder when 854555 is divided by 34.
33
What is the remainder when 7178 is divided by 1166?
182
What is the remainder when 2477 is divided by 27?
20
Calculate the remainder when 7098 is divided by 247.
182
Calculate the remainder when 10910 is divided by 89.
52
What is the remainder when 68378 is divided by 139?
129
Calculate the remainder when 17493 is divided by 3307.
958
What is the remainder when 1682 is divided by 11?
10
What is the remainder when 632127 is divided by 17?
16
What is the remainder when 173512 is divided by 121?
119
Calculate the remainder when 83 is divided by 19.
7
Calculate the remainder when 516 is divided by 248.
20
Calculate the remainder when 16698 is divided by 5563.
9
Calculate the remainder when 15245 is divided by 381.
5
Calculate the remainder when 19364 is divided by 23.
21
Calculate the remainder when 7790 is divided by 236.
2
What is the remainder when 93087 is divided by 23262?
39
Calculate the remainder when 63739 is divided by 664.
659
What is the remainder when 85974 is divided by 56?
14
Calculate the remainder when 4789 is divided by 795.
19
What is the remainder when 8257 is divided by 71?
21
What is the remainder when 5625 is divided by 49?
39
Calculate the remainder when 8486 is divided by 568.
534
Calculate the remainder when 1025 is divided by 997.
28
What is the remainder when 6434 is divided by 92?
86
Calculate the remainder when 8897 is divided by 111.
17
Calculate the remainder when 2575 is divided by 346.
153
Calculate the remainder when 35761 is divided by 85.
61
Calculate the remainder when 1438 is divided by 564.
310
Calculate the remainder when 61 is divided by 55.
6
Calculate the remainder when 46156 is divided by 9227.
21
What is the remainder when 695 is divided by 370?
325
Calculate the remainder when 18463 is divided by 155.
18
What is the remainder when 10548 is divided by 182?
174
Calculate the remainder when 1133 is divided by 416.
301
What is the remainder when 5282 is divided by 197?
160
Calculate the remainder when 506387 is divided by 395.
392
What is the remainder when 4013 is divided by 663?
35
Calculate the remainder when 93352 is divided by 253.
248
What is the remainder when 1275 is divided by 317?
7
What is the remainder when 407 is divided by 397?
10
What is the remainder when 1185262 is divided by 395087?
1
Calculate the remainder when 42901 is divided by 788.
349
What is the remainder when 1078 is divided by 462?
154
What is the remainder when 71566 is divided by 12?
10
What is the remainder when 292772 is divided by 1225?
1222
What is the remainder when 5049 is divided by 724?
705
What is the remainder when 8496 is divided by 2808?
72
Calculate the remainder when 56483 is divided by 32.
3
What is the remainder when 57889 is divided by 23?
21
What is the remainder when 288058 is divided by 36006?
10
Calculate the remainder when 98877 is divided by 154.
9
Calculate the remainder when 304369 is divided by 101437.
58
What is the remainder when 4236 is divided by 4086?
150
What is the remainder when 82474 is divided by 517?
271
What is the remainder when 627685 is divided by 97?
95
Calculate the remainder when 723 is divided by 284.
155
What is the remainder when 14448 is divided by 140?
28
What is the remainder when 261851 is divided by 29094?
5
What is the remainder when 5744 is divided by 209?
101
What is the remainder when 7943 is divided by 397?
3
Calculate the remainder when 24168 is divided by 12071.
26
Calculate the remainder when 11946961 is divided by 21.
19
Calculate the remainder when 25657 is divided by 733.
2
Calculate the remainder when 31750 is divided by 252.
250
What is the remainder when 25359 is divided by 1207?
12
What is the remainder when 480595 is divided by 19?
9
What is the remainder when 7770 is divided by 162?
156
Calculate the remainder when 26162 is divided by 2361.
191
What is the remainder when 15190 is divided by 22?
10
Calculate the remainder when 7957 is divided by 8.
5
Calculate the remainder when 447 is divided by 16.
15
What is the remainder when 555332 is divided by 37?
36
Calculate the remainder when 120104 is divided by 118.
98
Calculate the remainder when 634535 is divided by 126905.
10